72?
6
Let b(v) = v + 8. Let q be b(-6). Let a be 3317/(-17) + 2/17. Let c = a + 196. Calculate the greatest common divisor of q and c.
1
Let g be 27/3 - (-4 + 4 + -2). Suppose -g*k = -10*k - 14. What is the greatest common divisor of k and 98?
14
Let o be -5 + (-216)/(-45) + (-1083)/(-15). Suppose 0*a = 3*a. Suppose a*s + 96 = 2*s. Calculate the greatest common factor of s and o.
24
Suppose 1104 = 22*b - 10*b. Let o = 45 - b. Let c = -23 - o. What is the greatest common divisor of 60 and c?
12
Let r = -5689 + 5699. What is the greatest common factor of r and 105?
5
Suppose 0 = -119*d - 4*d + 612202 - 115774. What is the greatest common factor of d and 4?
4
Suppose 18*g - 48532 = 3182. What is the highest common divisor of 34 and g?
17
Let o(k) = 8*k + 172. Let y be o(-10). Suppose -w = -6*w + 455. Suppose -5*p + 5 = 0, 3*b + b - w = p. Calculate the greatest common factor of y and b.
23
Suppose 2*l - 775 = -5*o + 2155, 7346 = 5*l + 2*o. Calculate the greatest common factor of 14 and l.
14
Let h(c) = 8*c - 12. Let v be h(5). Suppose -g + v = g. Let k(r) = r**2 - 2*r - 6. Let p be k(8). What is the highest common factor of g and p?
14
Suppose -2*c + 4*o + 95669 - 35655 = 0, -8*o + 48 = 0. What is the greatest common factor of c and 11?
11
Let t be (-151)/453 - (-7696)/3. Calculate the greatest common divisor of t and 190.
95
Suppose 87 = 3*x - 3*b + b, -x - b + 24 = 0. Let o be -2 + x/(-6)*-6. Suppose -4*v + o = -31. What is the highest common factor of v and 154?
14
Let c = 35693 + -33209. What is the highest common divisor of c and 1472?
92
Suppose -5*b = -2*r + 643, -r - 328 = -2*r - 4*b. Calculate the greatest common divisor of 135 and r.
27
Let z = 883 - 831. Calculate the highest common divisor of 559 and z.
13
Suppose 45*b - 17095 = -6427 + 50892. Calculate the highest common divisor of b and 360.
72
Let o be 4/(-2) + 908 + 2. Suppose o = 4*n + 4*l, 370 = 4*n - l - 528. Suppose 0 = -0*x - 19*x + 475. Calculate the highest common divisor of x and n.
25
Let j be ((-52)/(-16))/(1/4). Suppose -14*b - 18 = -j*b. Let l be b/6 - -168*1. Calculate the highest common factor of 15 and l.
15
Let g = 469 + 141. Let m be 11 + (-16 - 2) + 2 + 0 + 15. Calculate the greatest common divisor of m and g.
10
Let m be (-5)/(-45) + ((-1060)/(-36))/5. Suppose 36 = 14*f - m. What is the greatest common divisor of f and 177?
3
Let g = -143 + 142. Let z be (5 + g)*(-1 - -2). Let q = 22 + -12. What is the highest common divisor of q and z?
2
Let g = 3242 - 3029. What is the highest common divisor of g and 2272?
71
Let a be 26/39 + 4/(-6). Suppose a = 2*h - 40. Let j(l) = -4*l**2 - l + 50. Let o be j(0). What is the greatest common factor of h and o?
10
Let c be -11*(4 - -14) - (2 + -2). Let h = c + 232. Calculate the highest common divisor of 578 and h.
34
Suppose -138*u + 7103 = 55*u - 10460. Suppose 14 - 170 = -4*m. Let j be (m/(-2))/(-3)*2. What is the highest common factor of j and u?
13
Suppose -4*x = 2*z + 220, x + 5*z = 10*z - 55. Let s = 150 + x. Calculate the highest common factor of 38 and s.
19
Suppose -17*r + r + 7360 = 64. Calculate the highest common divisor of 360 and r.
24
Suppose 2*r - 2 = 0, -2*r - 1045 = -4*h - 3*r. Suppose -46*q + 43*q - h = 0. Let f = 97 + q. What is the greatest common divisor of f and 80?
10
Let g be 1512/(-4) + (10 - 10). Let y = g - -837. Calculate the greatest common factor of y and 51.
51
Let z = -152 - -46. Suppose -67 = 4*t + 21. Let j = t - z. What is the greatest common divisor of 21 and j?
21
Let p be (2/(-4 - 768/(-184)))/((-2)/(-4)). Let b = -1 + 3. Let t be (1 - b)*(-87 + -5). Calculate the greatest common divisor of t and p.
23
Suppose 51*y - 336 = -15*y + 10*y. What is the highest common divisor of 10908 and y?
6
Let g(n) = 2*n**3 + 19*n**2 - 6*n + 13. Let p be g(-10). Let b be ((-8)/(-3))/(-4 + (-114)/p). What is the greatest common factor of 384 and b?
12
Let v be (-100)/10 + 13 - (2 + (-57 - 5)). What is the highest common divisor of v and 1029?
21
Let v = 0 + -7. Let w(h) = -h**3 - 5*h**2 + 8*h + 6. Let u be w(v). Suppose -28 = -4*q + u. What is the greatest common divisor of q and 152?
19
Let a = -569 - -581. Suppose -9*s + a*s = 27. Calculate the greatest common divisor of s and 1.
1
Let c = 9 + -27. Let g be -1*c/(-4)*-10. Let r = -1234 + 1264. What is the greatest common divisor of g and r?
15
Let m(s) = 4*s**2 - 56*s - 168. Let b be m(-4). Calculate the greatest common factor of 2440 and b.
40
Let s(k) = -2374*k - 14234. Let x be s(-6). Calculate the highest common factor of x and 1295.
5
Let x(l) = 4*l**2 - 1176*l + 8183. Let a be x(7). Suppose 0 = 2*n - 24 - 102. Calculate the highest common factor of n and a.
21
Suppose -9 = -p - 2. Suppose 3*i = p + 2. Suppose -3*j = 3*z - 2*z - 21, -i*z + 4*j + 24 = 0. What is the greatest common factor of 18 and z?
6
Let v(f) = -19*f - 44. Suppose 0 = -5*q - 79 + 19. Let s be v(q). Suppose -4 = 4*c, 0*r + c = -r + 22. Calculate the greatest common factor of s and r.
23
Let h be (-25)/((-100)/(-336))*(81/(-4))/9. What is the greatest common factor of h and 14?
7
Suppose -33*g + 29*g + m = -65, 5*m + 85 = 4*g. Let j(t) = -t**3 + 8*t**2 - 3*t - 8. Let k be j(7). What is the greatest common factor of k and g?
5
Let i = 548 - 329. Let x = i + -186. Calculate the highest common factor of 3 and x.
3
Let a be 163458/27 + (0 - -2). Calculate the greatest common factor of 8 and a.
8
Let w(u) = 14*u**2 - 4*u - 1. Let h(z) = 1. Let i(o) = 4*h(o) + w(o). Let a be i(1). Suppose -y = y - 26. Calculate the highest common factor of y and a.
13
Suppose -23*w + 530 + 367 = 0. Suppose -w*n = -382 - 86. Calculate the greatest common divisor of 78 and n.
6
Let z(o) = -6*o + 5. Let y be z(-15). Let m = -1417 - -2462. What is the greatest common factor of y and m?
95
Let t = 234 + -234. Suppose q + 21*q - 902 = t. Calculate the highest common factor of q and 164.
41
Let w = 6847 - 5727. What is the greatest common divisor of w and 45?
5
Let j = -78013 - -78025. Let g = 394 + -280. What is the greatest common factor of j and g?
6
Let b be (-8)/(-2) - (1 - -4). Let v(p) = 138*p**2 + 4*p + 2. Let q be v(b). What is the greatest common factor of q and 204?
68
Suppose 0 = 4*u + 3*i - 105, 8*i - 12 = 4*i. Suppose 14*w = 12*w - 10612. Let v be w/(-63) + (-4)/18. Calculate the highest common divisor of u and v.
12
Let i(r) = -r**2 - 8*r. Let z be i(0). Suppose 0 = -2*k + 8, 4*l + 8*k - 11*k - 12 = z. Calculate the highest common divisor of 78 and l.
6
Suppose 2*q - 7*q - 335 = 0. Let l be q - (1 + -2 - 0). Let v be (-37)/(-3) + (-44)/l. What is the highest common divisor of v and 65?
13
Suppose 5*j = 5*z - 0*j - 205, 3*j = -12. Suppose 0 = o - m - z, o + 4*o + 4*m = 176. What is the greatest common divisor of 4 and o?
4
Suppose -44 + 344 = -4*p. Let v = p - -183. Suppose 0 = -5*r + 8*r - v. Calculate the highest common divisor of 90 and r.
18
Let n(c) = 99*c - 2073. Let w be n(21). Let x = -43 + 65. Suppose -x - 44 = -l. Calculate the greatest common divisor of w and l.
6
Let x = -55 + 57. Suppose 2*c + x*c - 20 = 0. Let v(n) = n**2 - 9*n + 13. Let a be v(8). Calculate the highest common divisor of c and a.
5
Let d = 782 + -305. Suppose 0 = -94*j + 124014 + 70284. Suppose 9*p + 30*p = j. Calculate the highest common factor of d and p.
53
Suppose 0 = -5*p + p + 32. Suppose -4*y + 4 = -p. Suppose y*d + 3*t = 96, 0*d + 4*d - 164 = 5*t. What is the highest common divisor of d and 4?
4
Let s(c) = c**2 - 12*c - 472. Let j be s(-17). What is the highest common factor of 581 and j?
7
Suppose -3*v - 139 - 245 = 0. Let t = -126 - v. Calculate the greatest common divisor of 10 and t.
2
Let m(y) = -y**3 + 33*y**2 + 125*y - 17. Let c be m(36). What is the highest common factor of c and 1071?
119
Let v = -276 - -500. What is the greatest common factor of 12 and v?
4
Let v(a) = -7*a**3 - 41*a**2 - 51*a + 3. Let p be v(-9). Calculate the greatest common factor of 1188 and p.
132
Suppose 4*w = 8*r + 31108, -198*w + 4*r + 23329 = -195*w. Calculate the greatest common divisor of w and 25.
25
Let a be ((-5560)/(-16))/((-45)/(-18)). Calculate the highest common divisor of a and 14039.
139
Let m(f) = 179*f - 1118. Let i be m(42). Calculate the highest common divisor of i and 120.
40
Suppose -10*u = -21*u - 30*u 